0 = -17*w + 16*w + 40. Calculate the remainder when w is divided by 2.
0
Let o = 14 + -9. Suppose 4*b + 11 = -25. Let k = b + 17. Calculate the remainder when k is divided by o.
3
Suppose -17 - 118 = -3*c. Let b = 37 + -21. Calculate the remainder when c is divided by b.
13
Let x be ((-4)/6)/(5/225). Let w = -13 - x. What is the remainder when w is divided by (-54)/(-10)*55/33?
8
Let k be 7/(-14)*(1 + -1). Let u(j) = j**3 - j + 11. What is the remainder when 41 is divided by u(k)?
8
Calculate the remainder when (20869/(-410))/(1/(-10)) is divided by 73.
71
Let r(s) = -s**3 + 5*s**2 - 5*s - 1. Let h be r(4). Let b = 43 + h. What is the remainder when b is divided by 2/4 - 57/(-6)?
8
Suppose -22 + 3 = -t. Let n = -583 + 593. Calculate the remainder when t is divided by n.
9
Calculate the remainder when (-94)/(-893) + (-2352)/(-38) is divided by 32.
30
Let a(r) be the first derivative of 1/2*r**2 + 2*r + 1. What is the remainder when a(11) is divided by 4?
1
Suppose 5*p + h - 115 = 0, -3*p + 9*h = 4*h - 69. Calculate the remainder when 1074 is divided by p.
16
Suppose 7*j + 2 = 9. Suppose -2*g - 4 = 0, -3*g + j = v - 5. Suppose -v - 1 = -o. What is the remainder when 35 is divided by o?
9
Let l(q) = -q**3 - 8*q**2 + q + 4. Let h(f) = -3*f + 1. Let o be h(3). Let y be l(o). What is the remainder when 4 is divided by (6/y)/((-4)/8)?
1
Let q = -333 + 350. Calculate the remainder when q is divided by 7.
3
Suppose -4*q - 10 = -142. Suppose 2*n - 4 = 0, 5*y + n + 3*n = q. Calculate the remainder when y is divided by 3.
2
Suppose -2*j = -142 + 126. Calculate the remainder when j is divided by 5.
3
Suppose 0 = -4*h + 5*r - 10*r + 141, h - 14 = 3*r. Calculate the remainder when 346 is divided by h.
27
Let t(b) = 47*b - 10. Let v be t(5). Let f = v - 154. Calculate the remainder when f is divided by 18.
17
What is the remainder when (-14)/(-6)*51 + 0/4 is divided by 6?
5
Let i = -558 - -611. Calculate the remainder when 247 is divided by i.
35
Let v = -2287 + 2501. Calculate the remainder when v is divided by 84.
46
Let k = -132 - -190. Let q = 44 + k. What is the remainder when q is divided by 26?
24
Let t(w) = -23*w**2 - 116*w + 6. Calculate the remainder when t(-4) is divided by 57.
45
Let h = -67 + 40. Let f = 38 + h. Calculate the remainder when 87 is divided by f.
10
Suppose -261*o - 390 = -287*o. What is the remainder when (7/(-2))/((-1)/12) is divided by o?
12
Suppose m = -x - 0*m + 36, 2*x + m - 69 = 0. Calculate the remainder when 52 is divided by x.
19
Let y(i) = 11*i**2 + 24*i - 2. What is the remainder when 144 is divided by y(-3)?
19
Suppose 0 = -2*k + 5*t + 17, 3 = -4*k + 3*t + 16. Calculate the remainder when k is divided by 1.
0
Let r be -64*(-1)/2*2. Let i(a) = -a**2 - 8*a + 17. Let b be i(0). Suppose -d + r = b. What is the remainder when d is divided by 12?
11
Let f(o) = -o**2 - 9*o + 4. Let l be f(-9). Suppose -4*y + l*b - 72 = 0, -4*y - 3*b = y + 58. Let q = 28 + y. What is the remainder when 39 is divided by q?
11
Suppose -33*m - 6 = -32*m. Let b = 74 - m. Calculate the remainder when b is divided by 28.
24
Suppose z + 2*z = -6, -4*v = -4*z - 140. Let i = 11 + v. Suppose -9*q + i = -5*q. Calculate the remainder when 20 is divided by q.
9
Suppose -39*l + 42*l - 4*o - 22 = 0, 4*l + 8 = -4*o. Suppose -5*b - 10 = 0, -4*x + b = 2*b + 6. Let h = x - -3. Calculate the remainder when h is divided by l.
0
Suppose 5*g = 3*s - 1419, 0 = -3*g - 7*s + 3*s - 834. Calculate the remainder when (-2)/16*2 - g/8 is divided by 12.
11
What is the remainder when 74 is divided by 146/30 - 124/(-930)?
4
Let t = -4013 + 4021. Calculate the remainder when 1/(-2) - 110/(-4) is divided by t.
3
Suppose -24 = -3*i + i. Let l = i - 9. Suppose -21 = -l*v - 3*x, 0*x = -v + 4*x + 2. What is the remainder when 9 is divided by v?
3
Suppose 85 = c + 3*c - 3*p, 0 = 2*c + 3*p - 29. Let z(r) = 5*r + 2. Calculate the remainder when c is divided by z(2).
7
Suppose 924 = 34*i - 13*i. Calculate the remainder when 99 is divided by i.
11
Let n(c) = c**3 + 2*c**2 - c - 2. Let r be n(-2). Suppose 4*z - 28 - 276 = r. Calculate the remainder when z is divided by 26.
24
Let d(n) = -8*n. What is the remainder when (0 - ((-448)/4 + -3)) + 4 is divided by d(-5)?
39
Let s be 8/36 + (-250)/(-9). Suppose 0*n = 4*n - s. Calculate the remainder when (14 - 67)/(2 + -1 + -2) is divided by n.
4
Suppose -25*u + 8610 - 960 = 0. Calculate the remainder when u is divided by 17.
0
Let t = -19 - -32. Suppose -6*n - 5*n + 528 = 0. What is the remainder when n is divided by t?
9
Suppose -2*n = 21 - 87. Calculate the remainder when 68 is divided by n.
2
Let o(n) = 2*n**3 - 40*n**2 + 6*n + 47. What is the remainder when o(20) is divided by 24?
23
Suppose -6*z + 10 = -z. Suppose -3*a - 5*m = -81, 27 = -z*a + 3*a - 3*m. Calculate the remainder when a is divided by 14.
13
Suppose 2*p = 3*l - 16, -5*l + 3*p - 33 = -10*l. Suppose 14 = -10*f + 14 + 40. Calculate the remainder when l is divided by f.
2
Suppose -2*r + 155 = -3*h, r - 91 = 5*h - 8*h. Suppose 6*w = 11*w. What is the remainder when r is divided by (w + -7)/(2/(-6))?
19
Suppose 5*r - 8*a = -3*a + 40, 0 = r + 4*a - 3. Let s = 63 - 111. What is the remainder when (r/21)/((-2)/s) is divided by 5?
3
What is the remainder when 16/(-88)*1 + 4800/22 is divided by 13?
10
Let g(i) = -i**3 - 28*i**2 + 24*i - 63. Calculate the remainder when g(-29) is divided by 12.
10
Let v = -347 + 373. What is the remainder when 204 is divided by v?
22
Suppose -2*s - 5 = -4*y - 47, -5*s = -3*y - 70. Calculate the remainder when 28 is divided by s.
6
Let q(l) = -10*l - l**3 - 5 + 403*l**2 - 13*l - 426*l**2. Calculate the remainder when q(-22) is divided by 9.
8
Suppose 200 = 48*k - 3496. What is the remainder when k is divided by 77?
0
Suppose 3*t = 8*t - 4*h - 950, -2*t + 377 = -h. What is the remainder when t is divided by 21?
18
Let q = -157 + 228. Suppose 4*s = -2*f + 38, 2*s + q = -2*f + 7*f. What is the remainder when 16 is divided by f?
1
Suppose -249 = -42*f + 39*f. Calculate the remainder when f is divided by 37.
9
Calculate the remainder when 46 is divided by (8*(-12)/32)/((-1)/2).
4
Let o(t) = -t**3 - 10*t**2 - 6*t - 9. Let c = 92 - 46. Let r be 18/12 + c/(-4). What is the remainder when o(r) is divided by 13?
12
Suppose 6*l - l + 10 = 0. Let x = l + 4. Suppose 0 = 2*m + 3*m - x*z - 42, 2*z = 4*m - 32. Calculate the remainder when m is divided by 3.
1
Let n = 132 - 216. Let z = -67 - n. What is the remainder when 31 is divided by z?
14
Suppose 5*n + 129 = 414. Suppose -q = -n + 51. Calculate the remainder when 21 is divided by q.
3
Let c = -119 - -125. What is the remainder when 435 is divided by c?
3
Suppose -444 = 18*x - 6510. What is the remainder when x is divided by 72?
49
Let f = 23 + -48. Let z = f + 51. Let s = -1264 + 1278. What is the remainder when z is divided by s?
12
Calculate the remainder when 406 is divided by -9 - (-2 + -9) - -16.
10
Suppose 2*y - 259 = -4*h + 3*h, -4*y + 2*h = -522. Calculate the remainder when y is divided by 48.
34
Let q(o) = -3*o - 14. Let f be q(-6). Suppose 2*u + 4*p = -2*u + 120, -f*u - p = -114. What is the remainder when 109 is divided by u?
25
Suppose i = -5*l + 126, -3*l - 2*i = -i - 74. Let d(k) = 20*k - 32. Calculate the remainder when d(4) is divided by l.
22
Suppose -43 = -5*r - 173. Let t = r + 60. Let j = 48 - t. Calculate the remainder when 25 is divided by j.
11
Let r = -138 + 203. Calculate the remainder when r is divided by 6/(-24) + 137/4.
31
Suppose -4*z + 2*y = 33 - 107, 20 = z - y. Calculate the remainder when 185 is divided by z.
15
Let u = -309 + 403. Calculate the remainder when 461 is divided by u.
85
Let n be -3*(15/(-9) - 2). Let b(y) = y**3 - 11*y**2 + y - 7. Suppose -3*m = -48 + 9. What is the remainder when m is divided by b(n)?
1
Let q(x) = x**3 + 6*x**2 + 3*x - 5. Suppose -5*f - 47 = z - 2*z, -3*z - 5*f + 61 = 0. Calculate the remainder when z is divided by q(-5).
2
Let c = 35 + 21. Suppose -3*r = -b + c, -b - 2*b - 5*r = -140. What is the remainder when b is divided by 13?
11
Suppose 4*v - 420 = v. Suppose 5*m - v = 250. What is the remainder when m is divided by 40?
38
Let o = -9 + 13. Suppose -4*k + 178 = 5*h - 3*k, o*h + k - 143 = 0. What is the remainder when h is divided by ((-18)/(-